+ 4*y + 7 = 0, -5*p = -2*y - 17. Suppose 33 = 4*s - 19. Suppose 4*f = p*f + s. Calculate the remainder when 37 is divided by f.
11
Let g(h) = -h**2 + 2*h + 2. Let d be g(3). Calculate the remainder when 77 - -1 - (0 - -1) is divided by d/((-9)/(-6))*-39.
25
Let d be (-3 + 15/6)*-8. Suppose -b + 6 = -d. Calculate the remainder when 38 is divided by b.
8
Let a = -2 + 4. Suppose -51 = -a*u - u. What is the remainder when 47 is divided by u?
13
Let p(n) = -n**3 - n - 4. Let s be p(-3). Let b = s + -14. Suppose 0 = -a - 2*a + 21. Calculate the remainder when b is divided by a.
5
Let j(s) = 5*s**2 + 5*s - 3. What is the remainder when j(3) is divided by 29?
28
Suppose 4*o - 36 = -4*a, -2*o + 9 = a - 3*o. Calculate the remainder when 105 is divided by a.
6
Suppose -2*g = -3*v + 3 + 1, -2*v = -2*g. Suppose 0 = 3*s - 3*o - 6, 4 = 3*s - s + g*o. Let z = s + 12. What is the remainder when 39 is divided by z?
11
Suppose -5*j - 34 = -3*d + 2*d, 0 = 3*d - 5*j - 52. Let w be (-3)/(5/((-210)/9)). Calculate the remainder when (0 - 3 - w)*-1 is divided by d.
8
Suppose 0*k - 5*k + 5*z = 295, -k - 44 = 2*z. Let h = 77 + k. Calculate the remainder when h is divided by 12.
11
Let i be 0*-1*(2 - 1). Suppose -4*b + 16 + 60 = i. Calculate the remainder when b is divided by 11.
8
Suppose b = -3*b - 3*a + 38, 35 = 3*b - a. Calculate the remainder when 53 is divided by b.
9
Let g(r) = r**3 + 3*r**3 + 6*r**2 - 3*r**3 - 2 + 2*r. What is the remainder when 27 is divided by g(-2)?
7
Let w be 6*(0 + (-1)/2). Calculate the remainder when 9 is divided by 4/((-36)/15)*w.
4
Let l(n) = n**3 + 3*n**2 - 4*n + 2. Let m be l(-4). Let u be (1 - (4 - m))/(-1). Calculate the remainder when -2 + (u + -75)/(-2) is divided by 12.
11
Suppose 10*f = 2*f + 840. What is the remainder when f is divided by 36?
33
Let d = 33 + -23. Let w(y) = -y + 19. Calculate the remainder when 15 is divided by w(d).
6
Let k(o) = 2*o**2 + 5*o - 6. What is the remainder when k(4) is divided by 8?
6
Let w be 16/6*(-21)/(-2). Suppose 2*s = s + w. Let h(f) = 11*f**2 - 2*f + 1. What is the remainder when s is divided by h(1)?
8
Suppose 5*x - 6 = 9. Let h be 22/6 - (-1)/x. Suppose -h*u + 50 = u. What is the remainder when 19 is divided by u?
9
Suppose 0 = 7*g - 2*g - 50. Suppose -2*h - g = -32. Calculate the remainder when 30 is divided by h.
8
Let p = -6 + -21. Let j = 50 + p. Suppose -3*i + 16 = -i. What is the remainder when j is divided by i?
7
Suppose 0*b + 27 = 2*b - 5*u, -2*b = 4*u. Let r = 27 + -11. Suppose g + 0*g - r = 0. Calculate the remainder when g is divided by b.
4
Let t(i) = -i**2 - i. Let q be t(0). Suppose 4*r = -0*r + 16. Suppose 3*f - r*n - 16 = q, f - 3*n = 3 - 1. What is the remainder when 22 is divided by f?
6
Let k(n) = 42*n**2 + n - 1. Let b be k(1). Suppose -8*w - b = -11*w. What is the remainder when w is divided by 5?
4
Suppose 0 = -2*l - 89 + 259. Calculate the remainder when l is divided by 30.
25
What is the remainder when (3/(-2))/((-2)/8) is divided by ((-16)/24)/(2/(-12))?
2
Suppose 5*o + 0*o - 4*j - 82 = 0, 2*j = -2*o + 22. Suppose -5*v - 14 + 54 = 0. Calculate the remainder when o is divided by v.
6
What is the remainder when -1 + 136 + 5/(-7 + 2) is divided by 47?
40
Let t be (-4)/2 + 197 + -17. Suppose -5*z = -57 - t. Calculate the remainder when z is divided by 16.
15
Let h = 116 - 64. What is the remainder when h is divided by 22?
8
Suppose -14 + 3 = c - 4*n, -c + 5*n - 16 = 0. Suppose -50 - 11 = -p. Let f = -36 + p. Calculate the remainder when f is divided by c.
7
Suppose -4*n - 30 = -9*n. Let o = n + -4. Calculate the remainder when 40 is divided by (-123)/(-9) + o/6.
12
Let z = -1 - -1. Let f(u) = u**2 + u + 19. Let l(n) = -n + 5. Calculate the remainder when f(z) is divided by l(-2).
5
Let t be (2/(-1) - -2)/(-2). Suppose 5*u - 35 = -t*u + 5*p, 4*p + 26 = 3*u. Calculate the remainder when 13 is divided by (-105)/10*u/(-3).
6
Let i = -11 + 11. Let h be 10*-4*(-2)/20. Calculate the remainder when i + 0 - (0 - h) is divided by 3.
1
Let n(k) = -k**2 - 4*k. Let i be n(-4). Suppose 0 = -3*s + a + 28, -s + 3*a = -i*s + 4. Calculate the remainder when 42 is divided by s.
9
Suppose 0*c + 4 = -2*t - 2*c, -2*t + c - 13 = 0. Let j(k) = 0 + 3 - k**3 + 4 - k**2 - k**2 + 8*k. Calculate the remainder when j(t) is divided by 22.
20
Suppose -4*n = n + 50. Let g = 26 + n. Suppose 2*p = -47 + 173. Calculate the remainder when p is divided by g.
15
Let r(v) = -v**3 - 7*v**2 - 3*v - 10. Let u = -25 + 45. What is the remainder when r(-8) is divided by u?
18
Suppose y + r + 1 = 0, 3*r - 8*r = -3*y - 19. Let o be y*2*(-10)/(-15). What is the remainder when o/(-24) - (-285)/18 is divided by 9?
7
Suppose -26 = -q + 5*m, -q + 41 = -3*m + m. What is the remainder when q is divided by 18?
15
Suppose -2*n - 4 = -14. Calculate the remainder when 13 is divided by n.
3
Suppose -j - 22 = 16. Let n = -19 - j. Suppose p + n + 18 = 4*a, -3*p = 3. What is the remainder when a is divided by 4?
1
Let h = 67 + -48. Suppose -2*w + 0*w - 6 = -2*r, -4*r + h = 3*w. Calculate the remainder when w is divided by 1.
0
Let d = 20 + -5. Let x = d + -2. Calculate the remainder when 38 is divided by x.
12
Let l(o) = -o**3 - 8*o**2 - 6*o + 1. Let z be l(-7). Let m be -2*((-15)/z - 2). What is the remainder when 5*((-3)/m + -2) is divided by 3?
2
Suppose -5*z + 0*g + 25 = 5*g, 3*g - 5 = 2*z. What is the remainder when z is divided by (1/2)/(2/4)?
0
Suppose -3*d + 15 = 2*d. Suppose 0 = y + 4, -w - 3*y + 4 - d = 0. Calculate the remainder when w is divided by 7.
6
Let g = 1133 - 1117. Suppose u - 2*p - 14 = -6*p, 2*p - 34 = -5*u. What is the remainder when g is divided by u?
4
Suppose 4*u + 96 = 4*d, 5*d - u = u + 126. What is the remainder when 155 is divided by d?
25
Suppose 3*k - 80 = -m - 2*k, 5*k = 5*m - 250. Calculate the remainder when m is divided by 28.
27
Suppose -2*v + 5*v = 6. Suppose 4 = -z + v. What is the remainder when -1 + (23 - z/2) is divided by 8?
7
Let u be 95/15 + (-1)/3. Let d(t) = 3*t - 4. Calculate the remainder when 39 is divided by d(u).
11
Let j(h) = -h**2 - 3*h - 1. Let r be (-1)/(-2) - (-27)/(-18). What is the remainder when j(r) is divided by 1?
0
Suppose -3*f + 11 = -16. Suppose 50 = 3*d - d. What is the remainder when d is divided by f?
7
Let w(f) = 5*f**2 - 2*f - 2. Calculate the remainder when 41 is divided by w(2).
13
Let r = 170 + 61. What is the remainder when r is divided by 13?
10
Let j = 152 - 147. What is the remainder when 25 is divided by j?
0
Suppose -179 = -5*r + 1. Calculate the remainder when r is divided by 14.
8
Let x be 9/(-72) - 521/(-8). Calculate the remainder when 42 is divided by 10/x + (-141)/(-13).
9
Suppose 0 = -5*g - 5, 2*g + 18 = b + g. What is the remainder when (-12)/42 + 690/14 is divided by b?
15
Suppose f + 77 = 4*h, -f = 2*h + h - 56. Calculate the remainder when h is divided by 7.
5
Let i be (66/11)/(-1 - -3). Suppose u - i*u = -12. What is the remainder when 23 is divided by u?
5
Let t(k) = k**2 + 5*k + 4. Let o be 7/(-14) - (-11)/(-2). Let z(r) = 5*r + 4. What is the remainder when z(5) is divided by t(o)?
9
Let l(y) = y**2 - 5*y. Let u be l(5). Let h be 3 - 4 - u - -50. Suppose h = 3*s - 128. Calculate the remainder when s is divided by 20.
19
Let x(r) = -r**2 - r + 1. Suppose -10 = -4*c - 2. Let j(v) = -3*v**2 - 4*v + 3. Let l(a) = c*x(a) - j(a). What is the remainder when 40 is divided by l(3)?
12
Calculate the remainder when (-1 + 0)*-1 + 85 is divided by 45.
41
Suppose 94 = 2*w - 4*h, -3*h = -3*w + 195 - 57. What is the remainder when w is divided by 4?
1
Let v = -542 + 762. Let d(j) = j**2 - 5*j + 4. Let n be d(5). Suppose 0*o = n*o - v. Calculate the remainder when o is divided by 19.
17
Suppose 240 = 5*b + 3*s, -s = 4*s. Calculate the remainder when b is divided by 13.
9
Suppose -2*x = 3*x - 2*l - 447, -12 = -3*l. What is the remainder when x is divided by 23?
22
Let c(j) = -j**3 - 6*j**2 + 4*j - 1. Let w = -14 + 25. Calculate the remainder when c(-7) is divided by w.
9
Suppose 0 = -r - s + 3, 6 = 3*s + 18. Suppose 5*d = -3*w + 92, -w + d = -49 + 13. Calculate the remainder when w is divided by r.
6
Let o be (46/3)/(2/3). Suppose 2*x - 3 - 7 = 0. Suppose 132 = x*v - o. What is the remainder when v is divided by 16?
15
Suppose -3*r - 4*m - 14 = -2*r